{"id":11,"date":"2017-08-11T17:32:07","date_gmt":"2017-08-11T15:32:07","guid":{"rendered":"https:\/\/2018.madrid.wordcamp.org\/location\/"},"modified":"2018-03-08T08:19:57","modified_gmt":"2018-03-08T07:19:57","slug":"ubicacion","status":"publish","type":"page","link":"https:\/\/madrid.wordcamp.org\/2018\/ubicacion\/","title":{"rendered":"Ubicaci\u00f3n"},"content":{"rendered":"<h2><strong>WordCamp Madrid 2018<\/strong><\/h2>\n<p>Se celebrar\u00e1 en <strong><a href=\"http:\/\/www.lanavemadrid.com\" target=\"_blank\" rel=\"noopener\">La N@ve<\/a><\/strong>, a continuaci\u00f3n tienes toda la informaci\u00f3n de su localizaci\u00f3n y c\u00f3mo llegar.<\/p>\n<p class=\"jetpack-slideshow-noscript robots-nocontent\">El pase de diapositivas requiere JavaScript.<\/p><div id=\"gallery-11-1-slideshow\" class=\"jetpack-slideshow-window jetpack-slideshow jetpack-slideshow-black\" data-trans=\"fade\" data-autostart=\"1\" data-gallery=\"[{&quot;src&quot;:&quot;https:\\\/\\\/i0.wp.com\\\/madrid.wordcamp.org\\\/2018\\\/files\\\/2018\\\/01\\\/lanave_villaverde_2.jpg?fit=660%2C335\\u0026ssl=1&quot;,&quot;id&quot;:&quot;270&quot;,&quot;title&quot;:&quot;lanave_villaverde_2&quot;,&quot;alt&quot;:&quot;&quot;,&quot;caption&quot;:&quot;&quot;,&quot;itemprop&quot;:&quot;image&quot;},{&quot;src&quot;:&quot;https:\\\/\\\/i0.wp.com\\\/madrid.wordcamp.org\\\/2018\\\/files\\\/2018\\\/01\\\/nave-colores.jpg?fit=1024%2C1024\\u0026ssl=1&quot;,&quot;id&quot;:&quot;420&quot;,&quot;title&quot;:&quot;nave colores&quot;,&quot;alt&quot;:&quot;&quot;,&quot;caption&quot;:&quot;&quot;,&quot;itemprop&quot;:&quot;image&quot;},{&quot;src&quot;:&quot;https:\\\/\\\/i0.wp.com\\\/madrid.wordcamp.org\\\/2018\\\/files\\\/2018\\\/01\\\/la-nave.jpg?fit=900%2C600\\u0026ssl=1&quot;,&quot;id&quot;:&quot;419&quot;,&quot;title&quot;:&quot;la nave&quot;,&quot;alt&quot;:&quot;&quot;,&quot;caption&quot;:&quot;&quot;,&quot;itemprop&quot;:&quot;image&quot;},{&quot;src&quot;:&quot;https:\\\/\\\/i0.wp.com\\\/madrid.wordcamp.org\\\/2018\\\/files\\\/2018\\\/01\\\/la-nave-servicios.jpg?fit=900%2C600\\u0026ssl=1&quot;,&quot;id&quot;:&quot;418&quot;,&quot;title&quot;:&quot;la nave servicios&quot;,&quot;alt&quot;:&quot;&quot;,&quot;caption&quot;:&quot;&quot;,&quot;itemprop&quot;:&quot;image&quot;},{&quot;src&quot;:&quot;https:\\\/\\\/i0.wp.com\\\/madrid.wordcamp.org\\\/2018\\\/files\\\/2018\\\/01\\\/aulas.jpeg?fit=285%2C177\\u0026ssl=1&quot;,&quot;id&quot;:&quot;271&quot;,&quot;title&quot;:&quot;aulas&quot;,&quot;alt&quot;:&quot;&quot;,&quot;caption&quot;:&quot;&quot;,&quot;itemprop&quot;:&quot;image&quot;},{&quot;src&quot;:&quot;https:\\\/\\\/i0.wp.com\\\/madrid.wordcamp.org\\\/2018\\\/files\\\/2018\\\/03\\\/butacas-track-a.jpg?fit=1440%2C810\\u0026ssl=1&quot;,&quot;id&quot;:&quot;1021&quot;,&quot;title&quot;:&quot;butacas track a&quot;,&quot;alt&quot;:&quot;&quot;,&quot;caption&quot;:&quot;&quot;,&quot;itemprop&quot;:&quot;image&quot;}]\" itemscope itemtype=\"https:\/\/schema.org\/ImageGallery\"><\/div>\n<h3>Direcci\u00f3n:<\/h3>\n<p>Calle Cifuentes, 5 &#8211; 28021 Madrid<\/p>\n<h3>C\u00f3mo llegar:<\/h3>\n<ul>\n<li>En autob\u00fas: 59, 79, N13 (en la avenida de Andaluc\u00eda con Alcocer),\u00a0\u00a0419, 421, 422, 424, 424, 426, 429, 447, N401, N402 (en calle Santiago Am\u00f3n, 1),\u00a018, 22, 116, 130, 432, 448 (en calle Alcocer, 8)<\/li>\n<li>En tren: Estaci\u00f3n Puente Alcocer (C5)<\/li>\n<li>En metro: Villaverde Bajo (L\u00ednea 3)<\/li>\n<li>En coche: Zona libre de estacionamiento regulado. Hay parkings cercanos disponibles.<\/li>\n<\/ul>\n<h3>Mapa:<\/h3>\n<div class=\"googlemaps\">\n\t\t\t\t<iframe loading=\"lazy\" width=\"600\" height=\"450\" frameborder=\"0\" scrolling=\"no\" marginheight=\"0\" marginwidth=\"0\"  src=\"https:\/\/www.google.com\/maps\/embed?pb=!1m18!1m12!1m3!1d3040.76181974035!2d-3.6984575843306455!3d40.34762936776254!2m3!1f0!2f0!3f0!3m2!1i1024!2i768!4f13.1!3m3!1m2!1s0xd4226dc58cd06eb:0x4bde2d6a3af40d15!2sCalle%20Cifuentes,%205,%2028021%20Madrid!5e0!3m2!1ses!2ses!4v1512150215010\"><\/iframe>\n\t\t\t<\/div>\n<hr \/>\n<h2><strong>Contributor Day<\/strong><\/h2>\n<p>Se celebrar\u00e1 en el <strong><a href=\"https:\/\/www.campus.co\/madrid\/es\" target=\"_blank\" rel=\"noopener\">Campus Madrid<\/a><\/strong>, a continuaci\u00f3n tienes toda la informaci\u00f3n de su localizaci\u00f3n y c\u00f3mo llegar.<\/p>\n<p class=\"jetpack-slideshow-noscript robots-nocontent\">El pase de diapositivas requiere JavaScript.<\/p><div id=\"gallery-11-2-slideshow\" class=\"jetpack-slideshow-window jetpack-slideshow jetpack-slideshow-black\" data-trans=\"fade\" data-autostart=\"1\" data-gallery=\"[{&quot;src&quot;:&quot;https:\\\/\\\/i0.wp.com\\\/madrid.wordcamp.org\\\/2018\\\/files\\\/2018\\\/01\\\/campus-madrid.jpg?fit=3256%2C1609\\u0026ssl=1&quot;,&quot;id&quot;:&quot;424&quot;,&quot;title&quot;:&quot;campus-madrid&quot;,&quot;alt&quot;:&quot;&quot;,&quot;caption&quot;:&quot;&quot;,&quot;itemprop&quot;:&quot;image&quot;},{&quot;src&quot;:&quot;https:\\\/\\\/i0.wp.com\\\/madrid.wordcamp.org\\\/2018\\\/files\\\/2018\\\/01\\\/sala-de-reunion-google-campus-madrid-3.jpg?fit=1367%2C868\\u0026ssl=1&quot;,&quot;id&quot;:&quot;423&quot;,&quot;title&quot;:&quot;sala-de-reunion-google-campus-madrid-3&quot;,&quot;alt&quot;:&quot;&quot;,&quot;caption&quot;:&quot;&quot;,&quot;itemprop&quot;:&quot;image&quot;},{&quot;src&quot;:&quot;https:\\\/\\\/i0.wp.com\\\/madrid.wordcamp.org\\\/2018\\\/files\\\/2018\\\/01\\\/google-campus-madrid-eventos.jpg?fit=1600%2C1067\\u0026ssl=1&quot;,&quot;id&quot;:&quot;425&quot;,&quot;title&quot;:&quot;google-campus-madrid-eventos&quot;,&quot;alt&quot;:&quot;&quot;,&quot;caption&quot;:&quot;&quot;,&quot;itemprop&quot;:&quot;image&quot;}]\" itemscope itemtype=\"https:\/\/schema.org\/ImageGallery\"><\/div>\n<h2>Direcci\u00f3n:<\/h2>\n<p>Calle Moreno Nieto, 2 &#8211; 28005 Madrid<\/p>\n<h2>C\u00f3mo llegar:<\/h2>\n<ul>\n<li>En autob\u00fas: L\u00edneas 36 y 50<\/li>\n<li>En tren: Estaci\u00f3n Madrid Principe P\u00edo &#8211; L\u00edneas C8 y C10<\/li>\n<li>En metro: Principe P\u00edo<\/li>\n<li>En coche: Zona de estacionamiento regulado (domingos no aplica). Hay parkings cercanos disponibles.<\/li>\n<\/ul>\n<h2>Mapa:<\/h2>\n<div class=\"googlemaps\">\n\t\t\t\t<iframe loading=\"lazy\" width=\"600\" height=\"450\" frameborder=\"0\" scrolling=\"no\" marginheight=\"0\" marginwidth=\"0\"  src=\"https:\/\/www.google.com\/maps\/embed?pb=!1m18!1m12!1m3!1d3037.8389337023223!2d-3.7204464846042176!3d40.41241877936561!2m3!1f0!2f0!3f0!3m2!1i1024!2i768!4f13.1!3m3!1m2!1s0xd422875fe8d546d:0xfc628be71587461f!2sCampus%20Madrid!5e0!3m2!1ses!2sus!4v1472754017591\"><\/iframe>\n\t\t\t<\/div>\n","protected":false},"excerpt":{"rendered":"<p>WordCamp Madrid 2018 Se celebrar\u00e1 en La N@ve, a continuaci\u00f3n tienes toda la informaci\u00f3n de su localizaci\u00f3n y c\u00f3mo llegar. Direcci\u00f3n: Calle Cifuentes, 5 &#8211; 28021 Madrid C\u00f3mo llegar: En autob\u00fas: 59, 79, N13 (en la avenida de Andaluc\u00eda con &hellip; <a href=\"https:\/\/madrid.wordcamp.org\/2018\/ubicacion\/\">Sigue leyendo <span class=\"assistive-text\">Ubicaci\u00f3n<\/span>  <span class=\"meta-nav\">&rarr;<\/span><\/a><\/p>\n","protected":false},"author":1320655,"featured_media":0,"parent":0,"menu_order":0,"comment_status":"closed","ping_status":"closed","template":"","meta":{"_crdt_document":"","jetpack_post_was_ever_published":false,"footnotes":""},"class_list":["post-11","page","type-page","status-publish","hentry"],"jetpack_sharing_enabled":true,"_links":{"self":[{"href":"https:\/\/madrid.wordcamp.org\/2018\/wp-json\/wp\/v2\/pages\/11","targetHints":{"allow":["GET"]}}],"collection":[{"href":"https:\/\/madrid.wordcamp.org\/2018\/wp-json\/wp\/v2\/pages"}],"about":[{"href":"https:\/\/madrid.wordcamp.org\/2018\/wp-json\/wp\/v2\/types\/page"}],"author":[{"embeddable":true,"href":"https:\/\/madrid.wordcamp.org\/2018\/wp-json\/wp\/v2\/users\/1320655"}],"replies":[{"embeddable":true,"href":"https:\/\/madrid.wordcamp.org\/2018\/wp-json\/wp\/v2\/comments?post=11"}],"version-history":[{"count":7,"href":"https:\/\/madrid.wordcamp.org\/2018\/wp-json\/wp\/v2\/pages\/11\/revisions"}],"predecessor-version":[{"id":1022,"href":"https:\/\/madrid.wordcamp.org\/2018\/wp-json\/wp\/v2\/pages\/11\/revisions\/1022"}],"wp:attachment":[{"href":"https:\/\/madrid.wordcamp.org\/2018\/wp-json\/wp\/v2\/media?parent=11"}],"curies":[{"name":"wp","href":"https:\/\/api.w.org\/{rel}","templated":true}]}}