{"id":12,"date":"2017-08-11T17:32:07","date_gmt":"2017-08-11T17:32:07","guid":{"rendered":"https:\/\/2018.madrid.wordcamp.org\/organizers\/"},"modified":"2017-12-01T18:46:18","modified_gmt":"2017-12-01T17:46:18","slug":"organizadores","status":"publish","type":"page","link":"https:\/\/madrid.wordcamp.org\/2018\/organizadores\/","title":{"rendered":"Organizadores"},"content":{"rendered":"\t<div class=\"wcorg-organizers\">\n\n\t\t\n\t\t\t<div class=\"wcorg-organizer\">\n\t\t\t\t<h2>Dani Serrano<\/h2>\n\t\t\t\t<div class=\"wcorg-organizer-description\">\n\t\t\t\t\t\t\t\t\t\t<img alt='' src='https:\/\/secure.gravatar.com\/avatar\/5030bf8b34c0a106b8c42f0a20d94091f998912b3561dcdaa1a2e0a6c4d12240?s=100&#038;d=mm&#038;r=g' srcset='https:\/\/secure.gravatar.com\/avatar\/5030bf8b34c0a106b8c42f0a20d94091f998912b3561dcdaa1a2e0a6c4d12240?s=200&#038;d=mm&#038;r=g 2x' class='avatar avatar-100 photo' height='100' width='100' \/>\t\t\t\t\t<p>Programador y formador web especializado en WordPress.<\/p>\n<p>Me gusta mucho trabajar sobre entornos web, disfruto aprendiendo y ense\u00f1ando cualquier cosa relacionada con el mundo de la tegnolog\u00eda y en concreto la programaci\u00f3n.<\/p>\n<p>Disfruto asistiendo y participando en la organizaci\u00f3n de diferentes eventos de la Comunidad de WordPress.<\/p>\n<p>Tengo un proyecto personal donde hablo, escribo y hago v\u00eddeos sobre WordPress y sus alrededores \ud83d\ude42<\/p>\n<p>Puedes saber m\u00e1s sobre m\u00ed en <a href=\"https:\/\/wpdesdezero.com\" target=\"_blank\" rel=\"noopener\">wpdesdezero.com<\/a> y en <a href=\"https:\/\/soydani.com\" target=\"_blank\" rel=\"noopener\">soydani.com<\/a><\/p>\n\t\t\t\t<\/div>\n\t\t\t<\/div>\n\n\t\t\n\t\t\t<div class=\"wcorg-organizer\">\n\t\t\t\t<h2>Pablo Poveda<\/h2>\n\t\t\t\t<div class=\"wcorg-organizer-description\">\n\t\t\t\t\t\t\t\t\t\t<img alt='' src='https:\/\/secure.gravatar.com\/avatar\/fd8d84c51d741f76d292ecb05187ebbcdd2d28fbc819f56d121c1dd645333715?s=100&#038;d=mm&#038;r=g' srcset='https:\/\/secure.gravatar.com\/avatar\/fd8d84c51d741f76d292ecb05187ebbcdd2d28fbc819f56d121c1dd645333715?s=200&#038;d=mm&#038;r=g 2x' class='avatar avatar-100 photo' height='100' width='100' \/>\t\t\t\t\t<p>Trabajando en proyectos web desde 2009. Ingeniero inform\u00e1tico por la Universidad de Alicante, programando en tecnolog\u00eda LAMP desde 2009 y en el \u00faltimo a\u00f1o y medio en stack MEAN.<\/p>\n<p>He trabajado para grandes y peque\u00f1as cuentas, en proyectos de cualquier \u00edndole. Muchos de los proyectos en los que he trabajado ha sido sobre WordPress, en especial, los \u00faltimos dos a\u00f1os, gestionando una red de WordPress de m\u00e1s de 150 proyectos web con WooCommerce, en los que he podido obtener mucha experiencia.<\/p>\n<p>Tras pasar por una startup varios a\u00f1os, actualmente trabajo como PHP Developer &amp; WordPress Professional en UNIR.<\/p>\n\t\t\t\t<\/div>\n\t\t\t<\/div>\n\n\t\t\n\t\t\t<div class=\"wcorg-organizer\">\n\t\t\t\t<h2>Carla Saiz<\/h2>\n\t\t\t\t<div class=\"wcorg-organizer-description\">\n\t\t\t\t\t\t\t\t\t\t<img alt='' src='https:\/\/secure.gravatar.com\/avatar\/6a6c57b7cda9c5d04f509e2801de2d806bb3a930900a41b82e18d2654ca2a710?s=100&#038;d=mm&#038;r=g' srcset='https:\/\/secure.gravatar.com\/avatar\/6a6c57b7cda9c5d04f509e2801de2d806bb3a930900a41b82e18d2654ca2a710?s=200&#038;d=mm&#038;r=g 2x' class='avatar avatar-100 photo' height='100' width='100' \/>\t\t\t\t\t<p><a href=\"https:\/\/twitter.com\/LaPeceraDeFiu\" target=\"_blank\" rel=\"noopener\">Carla Saiz<\/a> es una ingeniera inform\u00e1tica, aunque podr\u00eda ser veterinaria :), que ense\u00f1a y hace dise\u00f1o web con WordPress. Hace y deshace en base a su Revoluci\u00f3n. Espantada por la rueda del sistema laboral, se dedica a compaginar su trabajo como freelance junto con la ense\u00f1anza dentro del mundo de WordPress.\u00a0Puedes saber m\u00e1s sobre ella en <a href=\"https:\/\/carlasaiz.com\/\">carlasaiz.com<\/a>.<\/p>\n\t\t\t\t<\/div>\n\t\t\t<\/div>\n\n\t\t\n\t\t\t<div class=\"wcorg-organizer\">\n\t\t\t\t<h2>\u00c1lvaro G\u00f3mez Velasco<\/h2>\n\t\t\t\t<div class=\"wcorg-organizer-description\">\n\t\t\t\t\t\t\t\t\t\t<img alt='' src='https:\/\/secure.gravatar.com\/avatar\/69282acfecde82a10134cd4cf555ce1c8cf4580e2890a7323b75bd085cd9067f?s=100&#038;d=mm&#038;r=g' srcset='https:\/\/secure.gravatar.com\/avatar\/69282acfecde82a10134cd4cf555ce1c8cf4580e2890a7323b75bd085cd9067f?s=200&#038;d=mm&#038;r=g 2x' class='avatar avatar-100 photo' height='100' width='100' \/>\t\t\t\t\t<p><a href=\"https:\/\/www.linkedin.com\/in\/alvaro-g\u00f3mez-velasco-3aa52423\" target=\"_blank\" rel=\"noopener\">Consultor<\/a> y profesor\u00a0de WordPress,\u00a0<a href=\"https:\/\/www.flickr.com\/photos\/mrfoxtalbot\/collections\" target=\"_blank\" rel=\"noopener\">fot\u00f3grafo<\/a>\u00a0frustrado. Despu\u00e9s de pasar unos a\u00f1os por el oscuro mundo del\u00a0<a href=\"http:\/\/mrfoxtalbot.com\/neo2\/\" target=\"_blank\" rel=\"noopener\">Flash<\/a>, en\u00a02009 pongo en marcha\u00a0<a href=\"http:\/\/mrfoxtalbot.com\" target=\"_blank\" rel=\"noopener\">MrFoxTalbot<\/a> y\u00a0desde\u00a02012 trabajo exclusivamente\u00a0con WordPress. \/\u00a0<em>Freelance WordPresss <a href=\"https:\/\/www.linkedin.com\/in\/alvaro-g\u00f3mez-velasco-3aa52423\" target=\"_blank\" rel=\"noopener\">consultant<\/a> and <a href=\"http:\/\/www.mrmarcelschool.com\/Cursos\/28\/wordpress-b-a\" target=\"_blank\" rel=\"noopener\">teacher<\/a> at <a href=\"http:\/\/mrfoxtalbot.com\" target=\"_blank\" rel=\"noopener\">MrFoxTalbot<\/a>.\u00a0I am a\u00a0<a href=\"https:\/\/www.flickr.com\/photos\/mrfoxtalbot\/collections\" target=\"_blank\" rel=\"noopener\">photographer<\/a> who morphed into graphic designer who evolved into a <a href=\"http:\/\/mrfoxtalbot.com\/neo2\/\" target=\"_blank\" rel=\"noopener\">Flash animator<\/a>\u00a0who spawned a WordPress tinker who does too much backend and sysadmin work for his own good. <a href=\"https:\/\/twitter.com\/Mrfoxtalbot\" target=\"_blank\" rel=\"noopener\">@mrfoxtalbot<\/a><\/em><\/p>\n\t\t\t\t<\/div>\n\t\t\t<\/div>\n\n\t\t\n\t\t\t<div class=\"wcorg-organizer\">\n\t\t\t\t<h2>Pablo L\u00f3pez<\/h2>\n\t\t\t\t<div class=\"wcorg-organizer-description\">\n\t\t\t\t\t\t\t\t\t\t<img alt='' src='https:\/\/secure.gravatar.com\/avatar\/5bf477e8abd370cae9c026818b5ba5a6b515a8378ce58fa5d620bece014c7ddf?s=100&#038;d=mm&#038;r=g' srcset='https:\/\/secure.gravatar.com\/avatar\/5bf477e8abd370cae9c026818b5ba5a6b515a8378ce58fa5d620bece014c7ddf?s=200&#038;d=mm&#038;r=g 2x' class='avatar avatar-100 photo' height='100' width='100' \/>\t\t\t\t\t<p>En el mundo del desarrollo web desde 2006 y <em>WordPressero<\/em> desde 2011. Defensor de la P may\u00fascula, le\u00a0gusta la optimizaci\u00f3n de los desarrollos y el c\u00f3digo bien indentado.<\/p>\n<p>Actualmente trabaja como WordPress Manager en UNIR y es\u00a0autor del blog <a href=\"https:\/\/www.desarrollowp.com\/\">desarrollowp<\/a> donde comparte noticias, tutoriales, trucos y consejos sobre WordPress.<\/p>\n\t\t\t\t<\/div>\n\t\t\t<\/div>\n\n\t\t\n\t\t\t<div class=\"wcorg-organizer\">\n\t\t\t\t<h2>Ignacio Cruz Moreno<\/h2>\n\t\t\t\t<div class=\"wcorg-organizer-description\">\n\t\t\t\t\t\t\t\t\t\t<img alt='' src='https:\/\/secure.gravatar.com\/avatar\/6f532dbf43683c89ef109e0acb8d7bebd8b468636488bad0c2ed280968b3e548?s=100&#038;d=mm&#038;r=g' srcset='https:\/\/secure.gravatar.com\/avatar\/6f532dbf43683c89ef109e0acb8d7bebd8b468636488bad0c2ed280968b3e548?s=200&#038;d=mm&#038;r=g 2x' class='avatar avatar-100 photo' height='100' width='100' \/>\t\t\t\t\t<div class=\"intro\">Ignacio Cruz es WordPress Engineer en <a href=\"https:\/\/humanmade.com\/\">Human Made<\/a>. Le puedes seguir en https:\/\/twitter.com aunque no se deja ver mucho. Tambi\u00e9n tiene una p\u00e1gina web en la que escribe impulsivamente muy de vez en cuando: <a href=\"http:\/\/igmoweb.com\">igmoweb.com<\/a><\/div>\n\t\t\t\t<\/div>\n\t\t\t<\/div>\n\n\t\t\n\t\t\t<div class=\"wcorg-organizer\">\n\t\t\t\t<h2>Fernando Tellado<\/h2>\n\t\t\t\t<div class=\"wcorg-organizer-description\">\n\t\t\t\t\t\t\t\t\t\t<img alt='' src='https:\/\/secure.gravatar.com\/avatar\/6ddc525ae47cdce6c4d632d40ad0ebdfa590fdb36dfca0c85a4cbd5cccaf5351?s=100&#038;d=mm&#038;r=g' srcset='https:\/\/secure.gravatar.com\/avatar\/6ddc525ae47cdce6c4d632d40ad0ebdfa590fdb36dfca0c85a4cbd5cccaf5351?s=200&#038;d=mm&#038;r=g 2x' class='avatar avatar-100 photo' height='100' width='100' \/>\t\t\t\t\t<p>Consultor, divulgador, profesor y miembro incansable de la comunidad WordPress. <a href=\"https:\/\/profiles.wordpress.org\/fernandot\">Global Translator Editor\u00a0y administrador de WordPress Espa\u00f1a<\/a>. Brand Ambassador de <a href=\"https:\/\/siteground.es\" target=\"_blank\" rel=\"noopener nofollow\">SiteGround Spain<\/a> y <a href=\"https:\/\/yithemes.com\/\" target=\"_blank\" rel=\"noopener nofollow\">YITH<\/a>. Creador del blog <a href=\"https:\/\/ayudawp.com\">Ayuda WordPress<\/a>.<\/p>\n\t\t\t\t<\/div>\n\t\t\t<\/div>\n\n\t\t\n\t\t\t<div class=\"wcorg-organizer\">\n\t\t\t\t<h2>Mauricio Gelves<\/h2>\n\t\t\t\t<div class=\"wcorg-organizer-description\">\n\t\t\t\t\t\t\t\t\t\t<img alt='' src='https:\/\/secure.gravatar.com\/avatar\/c1e02b78939cfec5683d393e3f8ba7978bf1ed27c084bcba4cc7b414352ae0f4?s=100&#038;d=mm&#038;r=g' srcset='https:\/\/secure.gravatar.com\/avatar\/c1e02b78939cfec5683d393e3f8ba7978bf1ed27c084bcba4cc7b414352ae0f4?s=200&#038;d=mm&#038;r=g 2x' class='avatar avatar-100 photo' height='100' width='100' \/>\t\t\t\t\t<div>Mauricio Gelves es Lic. en Inform\u00e1tica, trabaja como Consultor Web Freelance y es Brand Evangelist de GoDaddy Pro. Desde el 2015 es N\u00f3made Digital, actividad que combina sus dos principales pasiones: la inform\u00e1tica y los viajes. Documenta sus experiencias con art\u00edculos y videos que puedes seguir en el blog de su web <a href=\"http:\/\/maugelves.com\">maugelves.com<\/a>.<\/div>\n\t\t\t\t<\/div>\n\t\t\t<\/div>\n\n\t\t\n\t<\/div><!-- .wcorg-organizers -->\n\t\n","protected":false},"excerpt":{"rendered":"","protected":false},"author":11565751,"featured_media":0,"parent":0,"menu_order":0,"comment_status":"closed","ping_status":"closed","template":"","meta":{"_crdt_document":"","jetpack_post_was_ever_published":false,"footnotes":""},"class_list":["post-12","page","type-page","status-publish","hentry"],"jetpack_sharing_enabled":true,"_links":{"self":[{"href":"https:\/\/madrid.wordcamp.org\/2018\/wp-json\/wp\/v2\/pages\/12","targetHints":{"allow":["GET"]}}],"collection":[{"href":"https:\/\/madrid.wordcamp.org\/2018\/wp-json\/wp\/v2\/pages"}],"about":[{"href":"https:\/\/madrid.wordcamp.org\/2018\/wp-json\/wp\/v2\/types\/page"}],"author":[{"embeddable":true,"href":"https:\/\/madrid.wordcamp.org\/2018\/wp-json\/wp\/v2\/users\/11565751"}],"replies":[{"embeddable":true,"href":"https:\/\/madrid.wordcamp.org\/2018\/wp-json\/wp\/v2\/comments?post=12"}],"version-history":[{"count":2,"href":"https:\/\/madrid.wordcamp.org\/2018\/wp-json\/wp\/v2\/pages\/12\/revisions"}],"predecessor-version":[{"id":166,"href":"https:\/\/madrid.wordcamp.org\/2018\/wp-json\/wp\/v2\/pages\/12\/revisions\/166"}],"wp:attachment":[{"href":"https:\/\/madrid.wordcamp.org\/2018\/wp-json\/wp\/v2\/media?parent=12"}],"curies":[{"name":"wp","href":"https:\/\/api.w.org\/{rel}","templated":true}]}}

<div class="wcorg-organizers">

		
			<div class="wcorg-organizer">
				<h2>Dani Serrano</h2>
				<div class="wcorg-organizer-description">
										<img alt='' src='https://secure.gravatar.com/avatar/5030bf8b34c0a106b8c42f0a20d94091f998912b3561dcdaa1a2e0a6c4d12240?s=100&#038;d=mm&#038;r=g' srcset='https://secure.gravatar.com/avatar/5030bf8b34c0a106b8c42f0a20d94091f998912b3561dcdaa1a2e0a6c4d12240?s=200&#038;d=mm&#038;r=g 2x' class='avatar avatar-100 photo' height='100' width='100' />					<p>Programador y formador web especializado en WordPress.</p>
<p>Me gusta mucho trabajar sobre entornos web, disfruto aprendiendo y enseñando cualquier cosa relacionada con el mundo de la tegnología y en concreto la programación.</p>
<p>Disfruto asistiendo y participando en la organización de diferentes eventos de la Comunidad de WordPress.</p>
<p>Tengo un proyecto personal donde hablo, escribo y hago vídeos sobre WordPress y sus alrededores 🙂</p>
<p>Puedes saber más sobre mí en <a href="https://wpdesdezero.com" target="_blank" rel="noopener">wpdesdezero.com</a> y en <a href="https://soydani.com" target="_blank" rel="noopener">soydani.com</a></p>
				</div>
			</div>

		
			<div class="wcorg-organizer">
				<h2>Pablo Poveda</h2>
				<div class="wcorg-organizer-description">
										<img alt='' src='https://secure.gravatar.com/avatar/fd8d84c51d741f76d292ecb05187ebbcdd2d28fbc819f56d121c1dd645333715?s=100&#038;d=mm&#038;r=g' srcset='https://secure.gravatar.com/avatar/fd8d84c51d741f76d292ecb05187ebbcdd2d28fbc819f56d121c1dd645333715?s=200&#038;d=mm&#038;r=g 2x' class='avatar avatar-100 photo' height='100' width='100' />					<p>Trabajando en proyectos web desde 2009. Ingeniero informático por la Universidad de Alicante, programando en tecnología LAMP desde 2009 y en el último año y medio en stack MEAN.</p>
<p>He trabajado para grandes y pequeñas cuentas, en proyectos de cualquier índole. Muchos de los proyectos en los que he trabajado ha sido sobre WordPress, en especial, los últimos dos años, gestionando una red de WordPress de más de 150 proyectos web con WooCommerce, en los que he podido obtener mucha experiencia.</p>
<p>Tras pasar por una startup varios años, actualmente trabajo como PHP Developer &amp; WordPress Professional en UNIR.</p>
				</div>
			</div>

		
			<div class="wcorg-organizer">
				<h2>Carla Saiz</h2>
				<div class="wcorg-organizer-description">
										<img alt='' src='https://secure.gravatar.com/avatar/6a6c57b7cda9c5d04f509e2801de2d806bb3a930900a41b82e18d2654ca2a710?s=100&#038;d=mm&#038;r=g' srcset='https://secure.gravatar.com/avatar/6a6c57b7cda9c5d04f509e2801de2d806bb3a930900a41b82e18d2654ca2a710?s=200&#038;d=mm&#038;r=g 2x' class='avatar avatar-100 photo' height='100' width='100' />					<p><a href="https://twitter.com/LaPeceraDeFiu" target="_blank" rel="noopener">Carla Saiz</a> es una ingeniera informática, aunque podría ser veterinaria :), que enseña y hace diseño web con WordPress. Hace y deshace en base a su Revolución. Espantada por la rueda del sistema laboral, se dedica a compaginar su trabajo como freelance junto con la enseñanza dentro del mundo de WordPress. Puedes saber más sobre ella en <a href="https://carlasaiz.com/">carlasaiz.com</a>.</p>
				</div>
			</div>

		
			<div class="wcorg-organizer">
				<h2>Álvaro Gómez Velasco</h2>
				<div class="wcorg-organizer-description">
										<img alt='' src='https://secure.gravatar.com/avatar/69282acfecde82a10134cd4cf555ce1c8cf4580e2890a7323b75bd085cd9067f?s=100&#038;d=mm&#038;r=g' srcset='https://secure.gravatar.com/avatar/69282acfecde82a10134cd4cf555ce1c8cf4580e2890a7323b75bd085cd9067f?s=200&#038;d=mm&#038;r=g 2x' class='avatar avatar-100 photo' height='100' width='100' />					<p><a href="https://www.linkedin.com/in/alvaro-gómez-velasco-3aa52423" target="_blank" rel="noopener">Consultor</a> y profesor de WordPress, <a href="https://www.flickr.com/photos/mrfoxtalbot/collections" target="_blank" rel="noopener">fotógrafo</a> frustrado. Después de pasar unos años por el oscuro mundo del <a href="http://mrfoxtalbot.com/neo2/" target="_blank" rel="noopener">Flash</a>, en 2009 pongo en marcha <a href="http://mrfoxtalbot.com" target="_blank" rel="noopener">MrFoxTalbot</a> y desde 2012 trabajo exclusivamente con WordPress. / <em>Freelance WordPresss <a href="https://www.linkedin.com/in/alvaro-gómez-velasco-3aa52423" target="_blank" rel="noopener">consultant</a> and <a href="http://www.mrmarcelschool.com/Cursos/28/wordpress-b-a" target="_blank" rel="noopener">teacher</a> at <a href="http://mrfoxtalbot.com" target="_blank" rel="noopener">MrFoxTalbot</a>. I am a <a href="https://www.flickr.com/photos/mrfoxtalbot/collections" target="_blank" rel="noopener">photographer</a> who morphed into graphic designer who evolved into a <a href="http://mrfoxtalbot.com/neo2/" target="_blank" rel="noopener">Flash animator</a> who spawned a WordPress tinker who does too much backend and sysadmin work for his own good. <a href="https://twitter.com/Mrfoxtalbot" target="_blank" rel="noopener">@mrfoxtalbot</a></em></p>
				</div>
			</div>

		
			<div class="wcorg-organizer">
				<h2>Pablo López</h2>
				<div class="wcorg-organizer-description">
										<img alt='' src='https://secure.gravatar.com/avatar/5bf477e8abd370cae9c026818b5ba5a6b515a8378ce58fa5d620bece014c7ddf?s=100&#038;d=mm&#038;r=g' srcset='https://secure.gravatar.com/avatar/5bf477e8abd370cae9c026818b5ba5a6b515a8378ce58fa5d620bece014c7ddf?s=200&#038;d=mm&#038;r=g 2x' class='avatar avatar-100 photo' height='100' width='100' />					<p>En el mundo del desarrollo web desde 2006 y <em>WordPressero</em> desde 2011. Defensor de la P mayúscula, le gusta la optimización de los desarrollos y el código bien indentado.</p>
<p>Actualmente trabaja como WordPress Manager en UNIR y es autor del blog <a href="https://www.desarrollowp.com/">desarrollowp</a> donde comparte noticias, tutoriales, trucos y consejos sobre WordPress.</p>
				</div>
			</div>

		
			<div class="wcorg-organizer">
				<h2>Ignacio Cruz Moreno</h2>
				<div class="wcorg-organizer-description">
										<img alt='' src='https://secure.gravatar.com/avatar/6f532dbf43683c89ef109e0acb8d7bebd8b468636488bad0c2ed280968b3e548?s=100&#038;d=mm&#038;r=g' srcset='https://secure.gravatar.com/avatar/6f532dbf43683c89ef109e0acb8d7bebd8b468636488bad0c2ed280968b3e548?s=200&#038;d=mm&#038;r=g 2x' class='avatar avatar-100 photo' height='100' width='100' />					<div class="intro">Ignacio Cruz es WordPress Engineer en <a href="https://humanmade.com/">Human Made</a>. Le puedes seguir en https://twitter.com aunque no se deja ver mucho. También tiene una página web en la que escribe impulsivamente muy de vez en cuando: <a href="http://igmoweb.com">igmoweb.com</a></div>
				</div>
			</div>

		
			<div class="wcorg-organizer">
				<h2>Fernando Tellado</h2>
				<div class="wcorg-organizer-description">
										<img alt='' src='https://secure.gravatar.com/avatar/6ddc525ae47cdce6c4d632d40ad0ebdfa590fdb36dfca0c85a4cbd5cccaf5351?s=100&#038;d=mm&#038;r=g' srcset='https://secure.gravatar.com/avatar/6ddc525ae47cdce6c4d632d40ad0ebdfa590fdb36dfca0c85a4cbd5cccaf5351?s=200&#038;d=mm&#038;r=g 2x' class='avatar avatar-100 photo' height='100' width='100' />					<p>Consultor, divulgador, profesor y miembro incansable de la comunidad WordPress. <a href="https://profiles.wordpress.org/fernandot">Global Translator Editor y administrador de WordPress España</a>. Brand Ambassador de <a href="https://siteground.es" target="_blank" rel="noopener nofollow">SiteGround Spain</a> y <a href="https://yithemes.com/" target="_blank" rel="noopener nofollow">YITH</a>. Creador del blog <a href="https://ayudawp.com">Ayuda WordPress</a>.</p>
				</div>
			</div>

		
			<div class="wcorg-organizer">
				<h2>Mauricio Gelves</h2>
				<div class="wcorg-organizer-description">
										<img alt='' src='https://secure.gravatar.com/avatar/c1e02b78939cfec5683d393e3f8ba7978bf1ed27c084bcba4cc7b414352ae0f4?s=100&#038;d=mm&#038;r=g' srcset='https://secure.gravatar.com/avatar/c1e02b78939cfec5683d393e3f8ba7978bf1ed27c084bcba4cc7b414352ae0f4?s=200&#038;d=mm&#038;r=g 2x' class='avatar avatar-100 photo' height='100' width='100' />					<div>Mauricio Gelves es Lic. en Informática, trabaja como Consultor Web Freelance y es Brand Evangelist de GoDaddy Pro. Desde el 2015 es Nómade Digital, actividad que combina sus dos principales pasiones: la informática y los viajes. Documenta sus experiencias con artículos y videos que puedes seguir en el blog de su web <a href="http://maugelves.com">maugelves.com</a>.</div>
				</div>
			</div>

		
	</div><!-- .wcorg-organizers -->
