{"id":11,"date":"2018-08-01T11:52:01","date_gmt":"2018-08-01T11:52:01","guid":{"rendered":"https:\/\/2019.madrid.wordcamp.org\/location\/"},"modified":"2019-03-07T01:28:08","modified_gmt":"2019-03-07T00:28:08","slug":"location","status":"publish","type":"page","link":"https:\/\/madrid.wordcamp.org\/2019\/location\/","title":{"rendered":"Ubicaci\u00f3n \/ Location"},"content":{"rendered":"\n<p>Queremos que tu experiencia en WordCamp Madrid &#8217;19 sea inolvidable y para ello hemos elegido los mejores locales posibles para cada d\u00eda del encuentro.<\/p>\n\n\n\n<h2 class=\"wp-block-heading\">6 de abril &#8211; Ponencias y talleres<\/h2>\n\n\n\n<p>El d\u00eda de las presentaciones lo celebraremos en el maravilloso y enorme local <a href=\"http:\/\/www.lanavemadrid.com\/\" target=\"_blank\" rel=\"noreferrer noopener\" aria-label=\"La Nave de Madrid (abre en una nueva pesta\u00f1a)\">La Nave de Madrid<\/a>, una absoluta belleza y gozada de sitio, donde ya tuvimos el placer de disfrutar de WordCamp Madrid el a\u00f1o pasado.<\/p>\n\n\n\n<p>Es un sitio incre\u00edble, con ampl\u00edsimos espacios, un dise\u00f1o espectacular, f\u00e1ciles accesos, l\u00ednea de metro a 50 metros y aparcamientos libres disponibles en la zona<\/p>\n\n\n\n<ul class=\"wp-block-gallery columns-3 is-cropped wp-block-gallery-1 is-layout-flex wp-block-gallery-is-layout-flex\"><li class=\"blocks-gallery-item\"><figure><a href=\"https:\/\/i0.wp.com\/2019.madrid.wordcamp.org\/files\/2019\/01\/lanave1-1024x567.jpg?ssl=1\" rel=\"nofollow\"><img data-recalc-dims=\"1\" loading=\"lazy\" decoding=\"async\" width=\"640\" height=\"354\" data-attachment-id=\"1103\" data-permalink=\"https:\/\/madrid.wordcamp.org\/2019\/location\/lanave1\/\" data-orig-file=\"https:\/\/i0.wp.com\/madrid.wordcamp.org\/2019\/files\/2019\/01\/lanave1.jpg?fit=1200%2C665&amp;ssl=1\" data-orig-size=\"1200,665\" data-comments-opened=\"0\" data-image-meta=\"{&quot;aperture&quot;:&quot;0&quot;,&quot;credit&quot;:&quot;&quot;,&quot;camera&quot;:&quot;&quot;,&quot;caption&quot;:&quot;&quot;,&quot;created_timestamp&quot;:&quot;0&quot;,&quot;copyright&quot;:&quot;&quot;,&quot;focal_length&quot;:&quot;0&quot;,&quot;iso&quot;:&quot;0&quot;,&quot;shutter_speed&quot;:&quot;0&quot;,&quot;title&quot;:&quot;&quot;,&quot;orientation&quot;:&quot;0&quot;}\" data-image-title=\"lanave1\" data-image-description=\"\" data-image-caption=\"\" data-medium-file=\"https:\/\/i0.wp.com\/madrid.wordcamp.org\/2019\/files\/2019\/01\/lanave1.jpg?fit=300%2C166&amp;ssl=1\" data-large-file=\"https:\/\/i0.wp.com\/madrid.wordcamp.org\/2019\/files\/2019\/01\/lanave1.jpg?fit=640%2C354&amp;ssl=1\" src=\"https:\/\/i0.wp.com\/2019.madrid.wordcamp.org\/files\/2019\/01\/lanave1-1024x567.jpg?resize=640%2C354&#038;ssl=1\" alt=\"\" data-id=\"1103\" data-link=\"https:\/\/2019.madrid.wordcamp.org\/location\/lanave1\/\" class=\"wp-image-1103\" srcset=\"https:\/\/i0.wp.com\/madrid.wordcamp.org\/2019\/files\/2019\/01\/lanave1.jpg?resize=1024%2C567&amp;ssl=1 1024w, https:\/\/i0.wp.com\/madrid.wordcamp.org\/2019\/files\/2019\/01\/lanave1.jpg?resize=300%2C166&amp;ssl=1 300w, https:\/\/i0.wp.com\/madrid.wordcamp.org\/2019\/files\/2019\/01\/lanave1.jpg?resize=768%2C426&amp;ssl=1 768w, https:\/\/i0.wp.com\/madrid.wordcamp.org\/2019\/files\/2019\/01\/lanave1.jpg?resize=500%2C277&amp;ssl=1 500w, https:\/\/i0.wp.com\/madrid.wordcamp.org\/2019\/files\/2019\/01\/lanave1.jpg?w=1200&amp;ssl=1 1200w\" sizes=\"auto, (max-width: 640px) 100vw, 640px\" \/><\/a><\/figure><\/li><li class=\"blocks-gallery-item\"><figure><a href=\"https:\/\/i0.wp.com\/2019.madrid.wordcamp.org\/files\/2019\/01\/nave.jpg?ssl=1\" rel=\"nofollow\"><img data-recalc-dims=\"1\" loading=\"lazy\" decoding=\"async\" width=\"640\" height=\"428\" data-attachment-id=\"1102\" data-permalink=\"https:\/\/madrid.wordcamp.org\/2019\/location\/nave\/\" data-orig-file=\"https:\/\/i0.wp.com\/madrid.wordcamp.org\/2019\/files\/2019\/01\/nave.jpg?fit=759%2C507&amp;ssl=1\" data-orig-size=\"759,507\" data-comments-opened=\"0\" data-image-meta=\"{&quot;aperture&quot;:&quot;0&quot;,&quot;credit&quot;:&quot;&quot;,&quot;camera&quot;:&quot;&quot;,&quot;caption&quot;:&quot;&quot;,&quot;created_timestamp&quot;:&quot;0&quot;,&quot;copyright&quot;:&quot;&quot;,&quot;focal_length&quot;:&quot;0&quot;,&quot;iso&quot;:&quot;0&quot;,&quot;shutter_speed&quot;:&quot;0&quot;,&quot;title&quot;:&quot;&quot;,&quot;orientation&quot;:&quot;0&quot;}\" data-image-title=\"nave\" data-image-description=\"\" data-image-caption=\"\" data-medium-file=\"https:\/\/i0.wp.com\/madrid.wordcamp.org\/2019\/files\/2019\/01\/nave.jpg?fit=300%2C200&amp;ssl=1\" data-large-file=\"https:\/\/i0.wp.com\/madrid.wordcamp.org\/2019\/files\/2019\/01\/nave.jpg?fit=640%2C428&amp;ssl=1\" src=\"https:\/\/i0.wp.com\/2019.madrid.wordcamp.org\/files\/2019\/01\/nave.jpg?resize=640%2C428&#038;ssl=1\" alt=\"\" data-id=\"1102\" data-link=\"https:\/\/2019.madrid.wordcamp.org\/location\/nave\/\" class=\"wp-image-1102\" srcset=\"https:\/\/i0.wp.com\/madrid.wordcamp.org\/2019\/files\/2019\/01\/nave.jpg?w=759&amp;ssl=1 759w, https:\/\/i0.wp.com\/madrid.wordcamp.org\/2019\/files\/2019\/01\/nave.jpg?resize=300%2C200&amp;ssl=1 300w, https:\/\/i0.wp.com\/madrid.wordcamp.org\/2019\/files\/2019\/01\/nave.jpg?resize=449%2C300&amp;ssl=1 449w\" sizes=\"auto, (max-width: 640px) 100vw, 640px\" \/><\/a><\/figure><\/li><li class=\"blocks-gallery-item\"><figure><a href=\"https:\/\/i0.wp.com\/2019.madrid.wordcamp.org\/files\/2019\/01\/vista-general-la-nave-madrid-open-expo-2018-1024x678.png?ssl=1\" rel=\"nofollow\"><img data-recalc-dims=\"1\" loading=\"lazy\" decoding=\"async\" width=\"640\" height=\"424\" data-attachment-id=\"1105\" data-permalink=\"https:\/\/madrid.wordcamp.org\/2019\/location\/vista-general-la-nave-madrid-open-expo-2018\/\" data-orig-file=\"https:\/\/i0.wp.com\/madrid.wordcamp.org\/2019\/files\/2019\/01\/vista-general-la-nave-madrid-open-expo-2018.png?fit=1173%2C777&amp;ssl=1\" data-orig-size=\"1173,777\" data-comments-opened=\"0\" data-image-meta=\"{&quot;aperture&quot;:&quot;0&quot;,&quot;credit&quot;:&quot;&quot;,&quot;camera&quot;:&quot;&quot;,&quot;caption&quot;:&quot;&quot;,&quot;created_timestamp&quot;:&quot;0&quot;,&quot;copyright&quot;:&quot;&quot;,&quot;focal_length&quot;:&quot;0&quot;,&quot;iso&quot;:&quot;0&quot;,&quot;shutter_speed&quot;:&quot;0&quot;,&quot;title&quot;:&quot;&quot;,&quot;orientation&quot;:&quot;0&quot;}\" data-image-title=\"vista-general-la-nave-madrid-open-expo-2018\" data-image-description=\"\" data-image-caption=\"\" data-medium-file=\"https:\/\/i0.wp.com\/madrid.wordcamp.org\/2019\/files\/2019\/01\/vista-general-la-nave-madrid-open-expo-2018.png?fit=300%2C199&amp;ssl=1\" data-large-file=\"https:\/\/i0.wp.com\/madrid.wordcamp.org\/2019\/files\/2019\/01\/vista-general-la-nave-madrid-open-expo-2018.png?fit=640%2C424&amp;ssl=1\" src=\"https:\/\/i0.wp.com\/2019.madrid.wordcamp.org\/files\/2019\/01\/vista-general-la-nave-madrid-open-expo-2018-1024x678.png?resize=640%2C424&#038;ssl=1\" alt=\"\" data-id=\"1105\" data-link=\"https:\/\/2019.madrid.wordcamp.org\/location\/vista-general-la-nave-madrid-open-expo-2018\/\" class=\"wp-image-1105\" srcset=\"https:\/\/i0.wp.com\/madrid.wordcamp.org\/2019\/files\/2019\/01\/vista-general-la-nave-madrid-open-expo-2018.png?resize=1024%2C678&amp;ssl=1 1024w, https:\/\/i0.wp.com\/madrid.wordcamp.org\/2019\/files\/2019\/01\/vista-general-la-nave-madrid-open-expo-2018.png?resize=300%2C199&amp;ssl=1 300w, https:\/\/i0.wp.com\/madrid.wordcamp.org\/2019\/files\/2019\/01\/vista-general-la-nave-madrid-open-expo-2018.png?resize=768%2C509&amp;ssl=1 768w, https:\/\/i0.wp.com\/madrid.wordcamp.org\/2019\/files\/2019\/01\/vista-general-la-nave-madrid-open-expo-2018.png?resize=453%2C300&amp;ssl=1 453w, https:\/\/i0.wp.com\/madrid.wordcamp.org\/2019\/files\/2019\/01\/vista-general-la-nave-madrid-open-expo-2018.png?w=1173&amp;ssl=1 1173w\" sizes=\"auto, (max-width: 640px) 100vw, 640px\" \/><\/a><\/figure><\/li><li class=\"blocks-gallery-item\"><figure><a href=\"https:\/\/i0.wp.com\/2019.madrid.wordcamp.org\/files\/2019\/01\/butacas-track-a-1024x576.jpg?ssl=1\" rel=\"nofollow\"><img data-recalc-dims=\"1\" loading=\"lazy\" decoding=\"async\" width=\"640\" height=\"360\" data-attachment-id=\"1104\" data-permalink=\"https:\/\/madrid.wordcamp.org\/2019\/location\/butacas-track-a\/\" data-orig-file=\"https:\/\/i0.wp.com\/madrid.wordcamp.org\/2019\/files\/2019\/01\/butacas-track-a.jpg?fit=1440%2C810&amp;ssl=1\" data-orig-size=\"1440,810\" data-comments-opened=\"0\" data-image-meta=\"{&quot;aperture&quot;:&quot;0&quot;,&quot;credit&quot;:&quot;&quot;,&quot;camera&quot;:&quot;&quot;,&quot;caption&quot;:&quot;&quot;,&quot;created_timestamp&quot;:&quot;0&quot;,&quot;copyright&quot;:&quot;&quot;,&quot;focal_length&quot;:&quot;0&quot;,&quot;iso&quot;:&quot;0&quot;,&quot;shutter_speed&quot;:&quot;0&quot;,&quot;title&quot;:&quot;&quot;,&quot;orientation&quot;:&quot;0&quot;}\" data-image-title=\"butacas-track-a\" data-image-description=\"\" data-image-caption=\"\" data-medium-file=\"https:\/\/i0.wp.com\/madrid.wordcamp.org\/2019\/files\/2019\/01\/butacas-track-a.jpg?fit=300%2C169&amp;ssl=1\" data-large-file=\"https:\/\/i0.wp.com\/madrid.wordcamp.org\/2019\/files\/2019\/01\/butacas-track-a.jpg?fit=640%2C360&amp;ssl=1\" src=\"https:\/\/i0.wp.com\/2019.madrid.wordcamp.org\/files\/2019\/01\/butacas-track-a-1024x576.jpg?resize=640%2C360&#038;ssl=1\" alt=\"\" data-id=\"1104\" data-link=\"https:\/\/2019.madrid.wordcamp.org\/location\/butacas-track-a\/\" class=\"wp-image-1104\" srcset=\"https:\/\/i0.wp.com\/madrid.wordcamp.org\/2019\/files\/2019\/01\/butacas-track-a.jpg?resize=1024%2C576&amp;ssl=1 1024w, https:\/\/i0.wp.com\/madrid.wordcamp.org\/2019\/files\/2019\/01\/butacas-track-a.jpg?resize=300%2C169&amp;ssl=1 300w, https:\/\/i0.wp.com\/madrid.wordcamp.org\/2019\/files\/2019\/01\/butacas-track-a.jpg?resize=768%2C432&amp;ssl=1 768w, https:\/\/i0.wp.com\/madrid.wordcamp.org\/2019\/files\/2019\/01\/butacas-track-a.jpg?resize=500%2C281&amp;ssl=1 500w, https:\/\/i0.wp.com\/madrid.wordcamp.org\/2019\/files\/2019\/01\/butacas-track-a.jpg?w=1440&amp;ssl=1 1440w, https:\/\/i0.wp.com\/madrid.wordcamp.org\/2019\/files\/2019\/01\/butacas-track-a.jpg?w=1280&amp;ssl=1 1280w\" sizes=\"auto, (max-width: 640px) 100vw, 640px\" \/><\/a><\/figure><\/li><\/ul>\n\n\n\n<h3 class=\"wp-block-heading\">Direcci\u00f3n:<\/h3>\n\n\n\n<p>Calle Cifuentes, 5 &#8211; 28021 Madrid<\/p>\n\n\n\n<h3 class=\"wp-block-heading\">C\u00f3mo llegar:<\/h3>\n\n\n\n<ul class=\"wp-block-list\"><li>En autob\u00fas: 59, 79, N13 (en la avenida de Andaluc\u00eda con Alcocer),&nbsp;&nbsp;419, 421, 422, 424, 424, 426, 429, 447, N401, N402 (en calle Santiago Am\u00f3n, 1),&nbsp;18, 22, 116, 130, 432, 448 (en calle Alcocer, 8)<\/li><li>En tren: Estaci\u00f3n Puente Alcocer (C5)<\/li><li>En metro: Villaverde Bajo (L\u00ednea 3)<\/li><li>En coche: Zona libre de estacionamiento regulado. Hay parkings cercanos disponibles.<\/li><\/ul>\n\n\n\n<h3 class=\"wp-block-heading\">Mapa:<\/h3>\n\n\n<div class=\"googlemaps\">\n\t\t\t\t<iframe loading=\"lazy\" width=\"600\" height=\"450\" frameborder=\"0\" scrolling=\"no\" marginheight=\"0\" marginwidth=\"0\"  src=\"https:\/\/www.google.com\/maps\/embed?pb=!1m18!1m12!1m3!1d3040.76181974035!2d-3.6984575843306455!3d40.34762936776254!2m3!1f0!2f0!3f0!3m2!1i1024!2i768!4f13.1!3m3!1m2!1s0xd4226dc58cd06eb:0x4bde2d6a3af40d15!2sCalle%20Cifuentes,%205,%2028021%20Madrid!5e0!3m2!1ses!2ses!4v1512150215010\"><\/iframe>\n\t\t\t<\/div>\n\n\n\n<h2 class=\"wp-block-heading\">7 de abril &#8211; D\u00eda de la comunidad<\/h2>\n\n\n\n<p><strong>El d\u00eda de la comunidad<\/strong>, tambi\u00e9n conocido como <strong><em>Contributor Day<\/em><\/strong> hemos querido disfrutarlo en <a href=\"https:\/\/www.campus.co\/madrid\/es\/\" target=\"_blank\" rel=\"noreferrer noopener\" aria-label=\"Google for Startups (abre en una nueva pesta\u00f1a)\">Google for Startups<\/a>, un local tremendamente acogedor, y preparado como ninguno para eventos de tecnolog\u00eda e innovaci\u00f3n.<\/p>\n\n\n\n<ul class=\"wp-block-gallery columns-3 is-cropped wp-block-gallery-2 is-layout-flex wp-block-gallery-is-layout-flex\"><li class=\"blocks-gallery-item\"><figure><a href=\"https:\/\/i0.wp.com\/2019.madrid.wordcamp.org\/files\/2019\/01\/campus0.jpg?ssl=1\" rel=\"nofollow\"><img data-recalc-dims=\"1\" loading=\"lazy\" decoding=\"async\" width=\"640\" height=\"350\" data-attachment-id=\"1118\" data-permalink=\"https:\/\/madrid.wordcamp.org\/2019\/location\/campus0\/\" data-orig-file=\"https:\/\/i0.wp.com\/madrid.wordcamp.org\/2019\/files\/2019\/01\/campus0.jpg?fit=664%2C363&amp;ssl=1\" data-orig-size=\"664,363\" data-comments-opened=\"0\" data-image-meta=\"{&quot;aperture&quot;:&quot;0&quot;,&quot;credit&quot;:&quot;&quot;,&quot;camera&quot;:&quot;&quot;,&quot;caption&quot;:&quot;&quot;,&quot;created_timestamp&quot;:&quot;0&quot;,&quot;copyright&quot;:&quot;&quot;,&quot;focal_length&quot;:&quot;0&quot;,&quot;iso&quot;:&quot;0&quot;,&quot;shutter_speed&quot;:&quot;0&quot;,&quot;title&quot;:&quot;&quot;,&quot;orientation&quot;:&quot;0&quot;}\" data-image-title=\"campus0\" data-image-description=\"\" data-image-caption=\"\" data-medium-file=\"https:\/\/i0.wp.com\/madrid.wordcamp.org\/2019\/files\/2019\/01\/campus0.jpg?fit=300%2C164&amp;ssl=1\" data-large-file=\"https:\/\/i0.wp.com\/madrid.wordcamp.org\/2019\/files\/2019\/01\/campus0.jpg?fit=640%2C350&amp;ssl=1\" src=\"https:\/\/i0.wp.com\/2019.madrid.wordcamp.org\/files\/2019\/01\/campus0.jpg?resize=640%2C350&#038;ssl=1\" alt=\"\" data-id=\"1118\" data-link=\"https:\/\/2019.madrid.wordcamp.org\/location\/campus0\/\" class=\"wp-image-1118\" srcset=\"https:\/\/i0.wp.com\/madrid.wordcamp.org\/2019\/files\/2019\/01\/campus0.jpg?w=664&amp;ssl=1 664w, https:\/\/i0.wp.com\/madrid.wordcamp.org\/2019\/files\/2019\/01\/campus0.jpg?resize=300%2C164&amp;ssl=1 300w, https:\/\/i0.wp.com\/madrid.wordcamp.org\/2019\/files\/2019\/01\/campus0.jpg?resize=500%2C273&amp;ssl=1 500w\" sizes=\"auto, (max-width: 640px) 100vw, 640px\" \/><\/a><\/figure><\/li><li class=\"blocks-gallery-item\"><figure><a href=\"https:\/\/i0.wp.com\/2019.madrid.wordcamp.org\/files\/2019\/01\/campus.jpg?ssl=1\" rel=\"nofollow\"><img data-recalc-dims=\"1\" loading=\"lazy\" decoding=\"async\" width=\"640\" height=\"391\" data-attachment-id=\"1117\" data-permalink=\"https:\/\/madrid.wordcamp.org\/2019\/location\/campus\/\" data-orig-file=\"https:\/\/i0.wp.com\/madrid.wordcamp.org\/2019\/files\/2019\/01\/campus.jpg?fit=720%2C440&amp;ssl=1\" data-orig-size=\"720,440\" data-comments-opened=\"0\" data-image-meta=\"{&quot;aperture&quot;:&quot;0&quot;,&quot;credit&quot;:&quot;&quot;,&quot;camera&quot;:&quot;&quot;,&quot;caption&quot;:&quot;&quot;,&quot;created_timestamp&quot;:&quot;0&quot;,&quot;copyright&quot;:&quot;&quot;,&quot;focal_length&quot;:&quot;0&quot;,&quot;iso&quot;:&quot;0&quot;,&quot;shutter_speed&quot;:&quot;0&quot;,&quot;title&quot;:&quot;&quot;,&quot;orientation&quot;:&quot;0&quot;}\" data-image-title=\"campus\" data-image-description=\"\" data-image-caption=\"\" data-medium-file=\"https:\/\/i0.wp.com\/madrid.wordcamp.org\/2019\/files\/2019\/01\/campus.jpg?fit=300%2C183&amp;ssl=1\" data-large-file=\"https:\/\/i0.wp.com\/madrid.wordcamp.org\/2019\/files\/2019\/01\/campus.jpg?fit=640%2C391&amp;ssl=1\" src=\"https:\/\/i0.wp.com\/2019.madrid.wordcamp.org\/files\/2019\/01\/campus.jpg?resize=640%2C391&#038;ssl=1\" alt=\"\" data-id=\"1117\" data-link=\"https:\/\/2019.madrid.wordcamp.org\/location\/campus\/\" class=\"wp-image-1117\" srcset=\"https:\/\/i0.wp.com\/madrid.wordcamp.org\/2019\/files\/2019\/01\/campus.jpg?w=720&amp;ssl=1 720w, https:\/\/i0.wp.com\/madrid.wordcamp.org\/2019\/files\/2019\/01\/campus.jpg?resize=300%2C183&amp;ssl=1 300w, https:\/\/i0.wp.com\/madrid.wordcamp.org\/2019\/files\/2019\/01\/campus.jpg?resize=491%2C300&amp;ssl=1 491w\" sizes=\"auto, (max-width: 640px) 100vw, 640px\" \/><\/a><\/figure><\/li><li class=\"blocks-gallery-item\"><figure><a href=\"https:\/\/i0.wp.com\/2019.madrid.wordcamp.org\/files\/2019\/01\/campus2.jpg?ssl=1\" rel=\"nofollow\"><img data-recalc-dims=\"1\" loading=\"lazy\" decoding=\"async\" width=\"640\" height=\"392\" data-attachment-id=\"1116\" data-permalink=\"https:\/\/madrid.wordcamp.org\/2019\/location\/campus2\/\" data-orig-file=\"https:\/\/i0.wp.com\/madrid.wordcamp.org\/2019\/files\/2019\/01\/campus2.jpg?fit=650%2C398&amp;ssl=1\" data-orig-size=\"650,398\" data-comments-opened=\"0\" data-image-meta=\"{&quot;aperture&quot;:&quot;0&quot;,&quot;credit&quot;:&quot;&quot;,&quot;camera&quot;:&quot;&quot;,&quot;caption&quot;:&quot;&quot;,&quot;created_timestamp&quot;:&quot;0&quot;,&quot;copyright&quot;:&quot;&quot;,&quot;focal_length&quot;:&quot;0&quot;,&quot;iso&quot;:&quot;0&quot;,&quot;shutter_speed&quot;:&quot;0&quot;,&quot;title&quot;:&quot;&quot;,&quot;orientation&quot;:&quot;0&quot;}\" data-image-title=\"campus2\" data-image-description=\"\" data-image-caption=\"\" data-medium-file=\"https:\/\/i0.wp.com\/madrid.wordcamp.org\/2019\/files\/2019\/01\/campus2.jpg?fit=300%2C184&amp;ssl=1\" data-large-file=\"https:\/\/i0.wp.com\/madrid.wordcamp.org\/2019\/files\/2019\/01\/campus2.jpg?fit=640%2C392&amp;ssl=1\" src=\"https:\/\/i0.wp.com\/2019.madrid.wordcamp.org\/files\/2019\/01\/campus2.jpg?resize=640%2C392&#038;ssl=1\" alt=\"\" data-id=\"1116\" data-link=\"https:\/\/2019.madrid.wordcamp.org\/location\/campus2\/\" class=\"wp-image-1116\" srcset=\"https:\/\/i0.wp.com\/madrid.wordcamp.org\/2019\/files\/2019\/01\/campus2.jpg?w=650&amp;ssl=1 650w, https:\/\/i0.wp.com\/madrid.wordcamp.org\/2019\/files\/2019\/01\/campus2.jpg?resize=300%2C184&amp;ssl=1 300w, https:\/\/i0.wp.com\/madrid.wordcamp.org\/2019\/files\/2019\/01\/campus2.jpg?resize=490%2C300&amp;ssl=1 490w\" sizes=\"auto, (max-width: 640px) 100vw, 640px\" \/><\/a><\/figure><\/li><li class=\"blocks-gallery-item\"><figure><a href=\"https:\/\/i0.wp.com\/2019.madrid.wordcamp.org\/files\/2019\/01\/campus1.jpg?ssl=1\" rel=\"nofollow\"><img data-recalc-dims=\"1\" loading=\"lazy\" decoding=\"async\" width=\"640\" height=\"349\" data-attachment-id=\"1119\" data-permalink=\"https:\/\/madrid.wordcamp.org\/2019\/location\/campus1\/\" data-orig-file=\"https:\/\/i0.wp.com\/madrid.wordcamp.org\/2019\/files\/2019\/01\/campus1.jpg?fit=770%2C420&amp;ssl=1\" data-orig-size=\"770,420\" data-comments-opened=\"0\" data-image-meta=\"{&quot;aperture&quot;:&quot;0&quot;,&quot;credit&quot;:&quot;&quot;,&quot;camera&quot;:&quot;&quot;,&quot;caption&quot;:&quot;&quot;,&quot;created_timestamp&quot;:&quot;0&quot;,&quot;copyright&quot;:&quot;&quot;,&quot;focal_length&quot;:&quot;0&quot;,&quot;iso&quot;:&quot;0&quot;,&quot;shutter_speed&quot;:&quot;0&quot;,&quot;title&quot;:&quot;&quot;,&quot;orientation&quot;:&quot;0&quot;}\" data-image-title=\"campus1\" data-image-description=\"\" data-image-caption=\"\" data-medium-file=\"https:\/\/i0.wp.com\/madrid.wordcamp.org\/2019\/files\/2019\/01\/campus1.jpg?fit=300%2C164&amp;ssl=1\" data-large-file=\"https:\/\/i0.wp.com\/madrid.wordcamp.org\/2019\/files\/2019\/01\/campus1.jpg?fit=640%2C349&amp;ssl=1\" src=\"https:\/\/i0.wp.com\/2019.madrid.wordcamp.org\/files\/2019\/01\/campus1.jpg?resize=640%2C349&#038;ssl=1\" alt=\"\" data-id=\"1119\" data-link=\"https:\/\/2019.madrid.wordcamp.org\/location\/campus1\/\" class=\"wp-image-1119\" srcset=\"https:\/\/i0.wp.com\/madrid.wordcamp.org\/2019\/files\/2019\/01\/campus1.jpg?w=770&amp;ssl=1 770w, https:\/\/i0.wp.com\/madrid.wordcamp.org\/2019\/files\/2019\/01\/campus1.jpg?resize=300%2C164&amp;ssl=1 300w, https:\/\/i0.wp.com\/madrid.wordcamp.org\/2019\/files\/2019\/01\/campus1.jpg?resize=768%2C419&amp;ssl=1 768w, https:\/\/i0.wp.com\/madrid.wordcamp.org\/2019\/files\/2019\/01\/campus1.jpg?resize=500%2C273&amp;ssl=1 500w\" sizes=\"auto, (max-width: 640px) 100vw, 640px\" \/><\/a><\/figure><\/li><\/ul>\n\n\n\n<h2 class=\"wp-block-heading\">Direcci\u00f3n:<\/h2>\n\n\n\n<p>Calle Moreno Nieto, 2 &#8211; 28005 Madrid<\/p>\n\n\n\n<h2 class=\"wp-block-heading\">C\u00f3mo llegar:<\/h2>\n\n\n\n<ul class=\"wp-block-list\"><li>En autob\u00fas: L\u00edneas 36 y 50<\/li><li>En tren: Estaci\u00f3n Madrid Principe P\u00edo &#8211; L\u00edneas C8 y C10<\/li><li>En metro: Principe P\u00edo<\/li><li>En coche: Zona de estacionamiento regulado (domingos no aplica). Hay parkings cercanos disponibles.<\/li><\/ul>\n\n\n\n<h2 class=\"wp-block-heading\">Mapa:<\/h2>\n\n\n<div class=\"googlemaps\">\n\t\t\t\t<iframe loading=\"lazy\" width=\"600\" height=\"450\" frameborder=\"0\" scrolling=\"no\" marginheight=\"0\" marginwidth=\"0\"  src=\"https:\/\/www.google.com\/maps\/embed?pb=!1m18!1m12!1m3!1d3037.8389337023223!2d-3.7204464846042176!3d40.41241877936561!2m3!1f0!2f0!3f0!3m2!1i1024!2i768!4f13.1!3m3!1m2!1s0xd422875fe8d546d:0xfc628be71587461f!2sCampus%20Madrid!5e0!3m2!1ses!2sus!4v1472754017591\"><\/iframe>\n\t\t\t<\/div>\n","protected":false},"excerpt":{"rendered":"<p>Queremos que tu experiencia en WordCamp Madrid &#8217;19 sea inolvidable y para ello hemos elegido los mejores locales posibles para cada d\u00eda del encuentro. 6 de abril &#8211; Ponencias y talleres El d\u00eda de las presentaciones lo celebraremos en el maravilloso y enorme local La Nave de Madrid, una absoluta belleza y gozada de sitio, [&hellip;]<\/p>\n","protected":false},"author":1320655,"featured_media":0,"parent":0,"menu_order":0,"comment_status":"closed","ping_status":"closed","template":"","meta":{"jetpack_post_was_ever_published":false,"footnotes":""},"class_list":["post-11","page","type-page","status-publish","hentry"],"jetpack_sharing_enabled":true,"_links":{"self":[{"href":"https:\/\/madrid.wordcamp.org\/2019\/wp-json\/wp\/v2\/pages\/11","targetHints":{"allow":["GET"]}}],"collection":[{"href":"https:\/\/madrid.wordcamp.org\/2019\/wp-json\/wp\/v2\/pages"}],"about":[{"href":"https:\/\/madrid.wordcamp.org\/2019\/wp-json\/wp\/v2\/types\/page"}],"author":[{"embeddable":true,"href":"https:\/\/madrid.wordcamp.org\/2019\/wp-json\/wp\/v2\/users\/1320655"}],"replies":[{"embeddable":true,"href":"https:\/\/madrid.wordcamp.org\/2019\/wp-json\/wp\/v2\/comments?post=11"}],"version-history":[{"count":14,"href":"https:\/\/madrid.wordcamp.org\/2019\/wp-json\/wp\/v2\/pages\/11\/revisions"}],"predecessor-version":[{"id":3926,"href":"https:\/\/madrid.wordcamp.org\/2019\/wp-json\/wp\/v2\/pages\/11\/revisions\/3926"}],"wp:attachment":[{"href":"https:\/\/madrid.wordcamp.org\/2019\/wp-json\/wp\/v2\/media?parent=11"}],"curies":[{"name":"wp","href":"https:\/\/api.w.org\/{rel}","templated":true}]}}