{"id":12,"date":"2018-08-01T11:52:01","date_gmt":"2018-08-01T11:52:01","guid":{"rendered":"https:\/\/2019.madrid.wordcamp.org\/organizers\/"},"modified":"2018-08-06T18:17:55","modified_gmt":"2018-08-06T16:17:55","slug":"organizers","status":"publish","type":"page","link":"https:\/\/madrid.wordcamp.org\/2019\/organizers\/","title":{"rendered":"Organizadores"},"content":{"rendered":"\t<div class=\"wcorg-organizers\">\n\n\t\t\n\t\t\t<div class=\"wcorg-organizer\">\n\t\t\t\t<h2>Gaby Zapata Rodr\u00edguez<\/h2>\n\t\t\t\t<div class=\"wcorg-organizer-description\">\n\t\t\t\t\t\t\t\t\t\t<img alt='' src='https:\/\/secure.gravatar.com\/avatar\/c99dea65faa087f962065d0ec7c36b47dc4dda0ac7feaea75189ecfcd4e478fe?s=100&#038;d=mm&#038;r=g' srcset='https:\/\/secure.gravatar.com\/avatar\/c99dea65faa087f962065d0ec7c36b47dc4dda0ac7feaea75189ecfcd4e478fe?s=200&#038;d=mm&#038;r=g 2x' class='avatar avatar-100 photo' height='100' width='100' \/>\t\t\t\t\t\n<p>Dise\u00f1adora Gr\u00e1fica \/ Web que utiliza WordPress como parte de sus herramientas de trabajo. <\/p>\n\n\n\n<p>Le gusta trabajar sobre entornos web. Disfruta aprender y asistir a eventos relacionados con el mundo del dise\u00f1o y la tecnolog\u00eda.<\/p>\n\n\n\n<p>Actualmente trabaja como dise\u00f1adora en UNIR.<\/p>\n\n\n\n<p>Puedes saber m\u00e1s sobre ella en <a rel=\"noreferrer noopener\" aria-label=\"gabrielazapata.com (abre en una nueva pesta\u00f1a)\" href=\"http:\/\/gabrielazapata.com\/\" target=\"_blank\">gabrielazapata.com<\/a> y localizarla en <a rel=\"noreferrer noopener\" aria-label=\"LinkedIn (abre en una nueva pesta\u00f1a)\" href=\"https:\/\/es.linkedin.com\/in\/thegabyzapata\" target=\"_blank\">LinkedIn<\/a> y <a href=\"https:\/\/twitter.com\/thegabyzapata\" target=\"_blank\" rel=\"noreferrer noopener\" aria-label=\"Twitter (abre en una nueva pesta\u00f1a)\">Twitter<\/a><\/p>\n\t\t\t\t<\/div>\n\t\t\t<\/div>\n\n\t\t\n\t\t\t<div class=\"wcorg-organizer\">\n\t\t\t\t<h2>Fernando Tellado<\/h2>\n\t\t\t\t<div class=\"wcorg-organizer-description\">\n\t\t\t\t\t\t\t\t\t\t<img alt='' src='https:\/\/secure.gravatar.com\/avatar\/6ddc525ae47cdce6c4d632d40ad0ebdfa590fdb36dfca0c85a4cbd5cccaf5351?s=100&#038;d=mm&#038;r=g' srcset='https:\/\/secure.gravatar.com\/avatar\/6ddc525ae47cdce6c4d632d40ad0ebdfa590fdb36dfca0c85a4cbd5cccaf5351?s=200&#038;d=mm&#038;r=g 2x' class='avatar avatar-100 photo' height='100' width='100' \/>\t\t\t\t\t\n<p>Apasionado escritor, consultor y profesor, especializado en WordPress desde hace m\u00e1s de 12 a\u00f1os. Tiene publicados 2 libros con Anaya sobre WordPress, con otro m\u00e1s en camino.<\/p>\n\n\n\n<p>Creador, administrador y redactor de <a href=\"https:\/\/ayudawp.com\" target=\"_blank\" rel=\"noreferrer noopener\" aria-label=\"Ayuda WordPress (abre en una nueva pesta\u00f1a)\">Ayuda WordPress<\/a>, el blog de referencia sobre WordPress en espa\u00f1ol.<\/p>\n\n\n\n<p>Vive por y para WordPress, ofreciendo servicios de <a rel=\"noreferrer noopener\" aria-label=\"consultor\u00eda (abre en una nueva pesta\u00f1a)\" href=\"https:\/\/servicios.ayudawp.com\" target=\"_blank\">consultor\u00eda<\/a>, <a rel=\"noreferrer noopener\" aria-label=\"cursos online (abre en una nueva pesta\u00f1a)\" href=\"https:\/\/campus.ayudawp.com\" target=\"_blank\">cursos online<\/a> y <a rel=\"noreferrer noopener\" aria-label=\"mantenimiento WordPress (abre en una nueva pesta\u00f1a)\" href=\"https:\/\/thewebshelter.com\" target=\"_blank\">mantenimiento WordPress<\/a>, adem\u00e1s, es embajador de marca de <a rel=\"noreferrer noopener\" aria-label=\"SiteGround (abre en una nueva pesta\u00f1a)\" href=\"https:\/\/www.siteground.es\" target=\"_blank\">SiteGround<\/a>.<\/p>\n\n\n\n<p>Puedes conocer sus contribuciones a WordPress en <a rel=\"noreferrer noopener\" aria-label=\"su perfil de WordPress.org (abre en una nueva pesta\u00f1a)\" href=\"https:\/\/profiles.wordpress.org\/fernandot\" target=\"_blank\">su perfil de WordPress.org<\/a> y de <a href=\"https:\/\/jetpack.pro\/profile\/fernandot\/\" target=\"_blank\" rel=\"noreferrer noopener\" aria-label=\"Jetpack.pro (abre en una nueva pesta\u00f1a)\">Jetpack.pro<\/a>.<\/p>\n\t\t\t\t<\/div>\n\t\t\t<\/div>\n\n\t\t\n\t\t\t<div class=\"wcorg-organizer\">\n\t\t\t\t<h2>Julio Loupias Lara<\/h2>\n\t\t\t\t<div class=\"wcorg-organizer-description\">\n\t\t\t\t\t\t\t\t\t\t<img alt='' src='https:\/\/secure.gravatar.com\/avatar\/9e2ab657895208e30e682559b27fa86bb88645c306905323e29fe1ea45c409b0?s=100&#038;d=mm&#038;r=g' srcset='https:\/\/secure.gravatar.com\/avatar\/9e2ab657895208e30e682559b27fa86bb88645c306905323e29fe1ea45c409b0?s=200&#038;d=mm&#038;r=g 2x' class='avatar avatar-100 photo' height='100' width='100' \/>\t\t\t\t\t\n<p>Utiliza WordPress desde el 2004, y es <a rel=\"noreferrer noopener\" aria-label=\"implementador WordPress y WooCommerce, adem\u00e1s de Divi adopter. (abre en una nueva pesta\u00f1a)\" href=\"https:\/\/suconsultor.es\" target=\"_blank\">implementador WordPress y WooCommerce, adem\u00e1s de Divi adopter.<\/a> Organizador de la <a rel=\"noreferrer noopener\" href=\"https:\/\/www.meetup.com\/es\/Alcobendas-WordPress-Meetup\/\" target=\"_blank\">meetup WordPress Alcobendas<\/a>.<\/p>\n\n\n\n<p>Disfruta colaborando y aprendiendo a ser parte de la comunidad WordPress.<br><\/p>\n\n\n\n<p>Si te pasas por Alcobendas le puedes encontrar corriendo por el parque Andaluc\u00eda, y sino siempre puedes seguirle en <a rel=\"noreferrer noopener\" aria-label=\"LinkedIn (abre en una nueva pesta\u00f1a)\" href=\"https:\/\/www.linkedin.com\/in\/julioloupiaslara\/\" target=\"_blank\">LinkedIn<\/a> y <a href=\"https:\/\/twitter.com\/ameuronet\" target=\"_blank\" rel=\"noreferrer noopener\" aria-label=\"Twitter (abre en una nueva pesta\u00f1a)\">Twitter<\/a>.<\/p>\n\t\t\t\t<\/div>\n\t\t\t<\/div>\n\n\t\t\n\t\t\t<div class=\"wcorg-organizer\">\n\t\t\t\t<h2>Carlos Bravo<\/h2>\n\t\t\t\t<div class=\"wcorg-organizer-description\">\n\t\t\t\t\t\t\t\t\t\t<img alt='' src='https:\/\/secure.gravatar.com\/avatar\/4b66853c11bd212a5e7fc757d5a239131f300e8bbdcce8c4327c63023f8221d3?s=100&#038;d=mm&#038;r=g' srcset='https:\/\/secure.gravatar.com\/avatar\/4b66853c11bd212a5e7fc757d5a239131f300e8bbdcce8c4327c63023f8221d3?s=200&#038;d=mm&#038;r=g 2x' class='avatar avatar-100 photo' height='100' width='100' \/>\t\t\t\t\t\n<p>Carlos es Senior Full Stack Developer en <a href=\"https:\/\/bob.io\">bob.io<\/a>, de esos que hacen de todo pero no saben de nada.<\/p>\n\n\n\n<p>Ha tocado WordPress, Magento y Drupal para peque\u00f1as y grandes cuentas, estando ahora en el mundo Startup a tiempo completo con React, React Native y Node.<\/p>\n\n\n\n<p>Intenta aportar un granito de arena a la comunidad que mejor sensaciones me da, y esa es la de WordPress Espa\u00f1a.<\/p>\n\n\n\n<p>Puedes localizarle en sus perfiles de <a rel=\"noreferrer noopener\" aria-label=\"LinkedIn (abre en una nueva pesta\u00f1a)\" href=\"https:\/\/www.linkedin.com\/in\/c4rl0sbr4v0\/\" target=\"_blank\">LinkedIn<\/a> y <a href=\"https:\/\/twitter.com\/c4rl0sbr4v0\" target=\"_blank\" rel=\"noreferrer noopener\" aria-label=\"Twitter (abre en una nueva pesta\u00f1a)\">Twitter<\/a>.<\/p>\n\t\t\t\t<\/div>\n\t\t\t<\/div>\n\n\t\t\n\t\t\t<div class=\"wcorg-organizer\">\n\t\t\t\t<h2>\u00c1ngel G. Zinsel<\/h2>\n\t\t\t\t<div class=\"wcorg-organizer-description\">\n\t\t\t\t\t\t\t\t\t\t<img alt='' src='https:\/\/secure.gravatar.com\/avatar\/c67f2b3c1299bd5e3e5bb3f38b25191ca95f572bc9b0c1f96f2bc0a5cbe2ad7c?s=100&#038;d=mm&#038;r=g' srcset='https:\/\/secure.gravatar.com\/avatar\/c67f2b3c1299bd5e3e5bb3f38b25191ca95f572bc9b0c1f96f2bc0a5cbe2ad7c?s=200&#038;d=mm&#038;r=g 2x' class='avatar avatar-100 photo' height='100' width='100' \/>\t\t\t\t\t\n<p>Fan de WordPress y las comunidades abiertas. Creador de <a href=\"https:\/\/wpcombo.com\/\" target=\"_blank\" rel=\"noreferrer noopener\" aria-label=\"WordPress Combo (abre en una nueva pesta\u00f1a)\">WordPress Combo<\/a> y miembro de Parlanchines.<\/p>\n\n\n\n<p>Empec\u00e9 profesionalmente en 1987 como soporte t\u00e9cnico y SysOp de Atari Espa\u00f1a. Pas\u00e9 por el departamento de sistemas del peri\u00f3dico El Sol del 90 al 92. En Argentina fui  t\u00e9cnico comercial con sistemas Avid entre el 92 y el 95 y despu\u00e9s, hasta el 2012 trabaj\u00e9 en distintos proyectos de producci\u00f3n y postproducci\u00f3n audiovisual. <\/p>\n\n\n\n<p>Desde entonces me dedico a la creaci\u00f3n de sitios Web. Amo \u00c1frica y la comunicaci\u00f3n oral.<\/p>\n\t\t\t\t<\/div>\n\t\t\t<\/div>\n\n\t\t\n\t\t\t<div class=\"wcorg-organizer\">\n\t\t\t\t<h2>Jaime G\u00e1rmar<\/h2>\n\t\t\t\t<div class=\"wcorg-organizer-description\">\n\t\t\t\t\t\t\t\t\t\t<img alt='' src='https:\/\/secure.gravatar.com\/avatar\/a5ce95962f7fd6d98d088308b7ad6c123bc9ee0058f30c218d76a6db71d4eab9?s=100&#038;d=mm&#038;r=g' srcset='https:\/\/secure.gravatar.com\/avatar\/a5ce95962f7fd6d98d088308b7ad6c123bc9ee0058f30c218d76a6db71d4eab9?s=200&#038;d=mm&#038;r=g 2x' class='avatar avatar-100 photo' height='100' width='100' \/>\t\t\t\t\t\n<p>Dise\u00f1o Web y Asesor en <a rel=\"noreferrer noopener\" aria-label=\"Destaca Dise\u00f1o Web Empresas (opens in a new tab)\" href=\"https:\/\/destaca.es\" target=\"_blank\">Destaca Dise\u00f1o Web Empresas<\/a>.<\/p>\n\n\n\n<p>Parte de mi tiempo lo dedico a colaborar en la comunidad WordPress dando respuesta en la secci\u00f3n soporte de WordPress.org, como ponente en WordCamps y ayudando en la gesti\u00f3n de la Meetup local de Collado Villalba (Madrid \u2013 Espa\u00f1a).<\/p>\n\n\n\n<p>Una forma de ayudar a qui\u00e9n lo necesita (y aprendizaje constante) es el programa del que soy podcaster y que publico cada semana llamado <a rel=\"noreferrer noopener\" aria-label=\"Club WordPress (opens in a new tab)\" href=\"https:\/\/clubwpress.com\" target=\"_blank\">Club WordPress<\/a>; entrevistas a profesionales de WordPress, Marketing Online y Emprendimiento general, junto a unas recomendaciones que puede necesitar un emprendedor junior para iniciar o mejorar su proyecto online<\/p>\n\t\t\t\t<\/div>\n\t\t\t<\/div>\n\n\t\t\n\t\t\t<div class=\"wcorg-organizer\">\n\t\t\t\t<h2>Dani Serrano<\/h2>\n\t\t\t\t<div class=\"wcorg-organizer-description\">\n\t\t\t\t\t\t\t\t\t\t<img alt='' src='https:\/\/secure.gravatar.com\/avatar\/5030bf8b34c0a106b8c42f0a20d94091f998912b3561dcdaa1a2e0a6c4d12240?s=100&#038;d=mm&#038;r=g' srcset='https:\/\/secure.gravatar.com\/avatar\/5030bf8b34c0a106b8c42f0a20d94091f998912b3561dcdaa1a2e0a6c4d12240?s=200&#038;d=mm&#038;r=g 2x' class='avatar avatar-100 photo' height='100' width='100' \/>\t\t\t\t\t\n<p>Desarrollador y formador web especializado en WordPress.<\/p>\n\n\n\n<p>Disfruto asistiendo y participando en la organizaci\u00f3n de diferentes eventos de la Comunidad de WordPress.<\/p>\n\n\n\n<p>Tengo un proyecto personal donde, junto con otros miembros de la Comunidad,  hablamos, escribimos y hacemos v\u00eddeos sobre WordPress.<\/p>\n\n\n\n<p>Puedes saber m\u00e1s sobre m\u00ed en <a href=\"https:\/\/wpdesdezero.com\">wpdesdezero.com<\/a> y en <a href=\"https:\/\/soydani.com\">soydani.com<\/a><\/p>\n\t\t\t\t<\/div>\n\t\t\t<\/div>\n\n\t\t\n\t\t\t<div class=\"wcorg-organizer\">\n\t\t\t\t<h2>Carla Saiz<\/h2>\n\t\t\t\t<div class=\"wcorg-organizer-description\">\n\t\t\t\t\t\t\t\t\t\t<img alt='' src='https:\/\/secure.gravatar.com\/avatar\/6a6c57b7cda9c5d04f509e2801de2d806bb3a930900a41b82e18d2654ca2a710?s=100&#038;d=mm&#038;r=g' srcset='https:\/\/secure.gravatar.com\/avatar\/6a6c57b7cda9c5d04f509e2801de2d806bb3a930900a41b82e18d2654ca2a710?s=200&#038;d=mm&#038;r=g 2x' class='avatar avatar-100 photo' height='100' width='100' \/>\t\t\t\t\t\n<p><a rel=\"noreferrer noopener\" aria-label=\"Carla Saiz (opens in a new tab)\" href=\"https:\/\/twitter.com\/lapeceradefiu\" target=\"_blank\">Carla Saiz<\/a> es una ingeniera inform\u00e1tica, aunque podr\u00eda ser veterinaria :), que ense\u00f1a y hace dise\u00f1o web con WordPress. <\/p>\n\n\n\n<p>Hace y deshace en base a su Revoluci\u00f3n. Espantada por la rueda del sistema laboral, y despu\u00e9s de guerrear con un c\u00e1ncer de mama en 2018, se dedica a compaginar su trabajo como freelance junto con la ense\u00f1anza dentro del mundo de WordPress. Puedes saber m\u00e1s sobre ella en <a rel=\"noreferrer noopener\" aria-label=\"carlasaiz.com (opens in a new tab)\" href=\"https:\/\/carlasaiz.com\" target=\"_blank\">carlasaiz.com<\/a>.<\/p>\n\t\t\t\t<\/div>\n\t\t\t<\/div>\n\n\t\t\n\t\t\t<div class=\"wcorg-organizer\">\n\t\t\t\t<h2>Jos\u00e9 \u00c1ngel Vidania<\/h2>\n\t\t\t\t<div class=\"wcorg-organizer-description\">\n\t\t\t\t\t\t\t\t\t\t<img alt='' src='https:\/\/secure.gravatar.com\/avatar\/1134e9f78832fe664fccb5e96105ea312d066d1ecaf6e102764b75c7965545b0?s=100&#038;d=mm&#038;r=g' srcset='https:\/\/secure.gravatar.com\/avatar\/1134e9f78832fe664fccb5e96105ea312d066d1ecaf6e102764b75c7965545b0?s=200&#038;d=mm&#038;r=g 2x' class='avatar avatar-100 photo' height='100' width='100' \/>\t\t\t\t\t\n<p>Dise\u00f1ador web freelance de Alcal\u00e1 de Henares que lleva utilizando WordPress como herramienta de trabajo desde finales de 2005 bajo la denominaci\u00f3n VdeVidania en <a href=\"http:\/\/www.vdevidania.com\">www.vdevidania.com<\/a>.<\/p>\n\n\n\n<p>Es un experto en Gutenberg, como lo demuestra las numerosas charlas que ha dado en Meetups y WordCamps a nivel nacional.<\/p>\n\n\n\n<p>Adem\u00e1s, tiene una newsletter gratuita semanal dedicada a Gutenberg: <a href=\"http:\/\/www.aprendegutenberg.com\">www.aprendegutenberg.com<\/a> y es formador de cursos de WordPress y WooCommerce presenciales en la academia Ondas Formaci\u00f3n de Alcorc\u00f3n (Madrid) desde 2013.<\/p>\n\t\t\t\t<\/div>\n\t\t\t<\/div>\n\n\t\t\n\t\t\t<div class=\"wcorg-organizer\">\n\t\t\t\t<h2>Pablo Poveda Ortega<\/h2>\n\t\t\t\t<div class=\"wcorg-organizer-description\">\n\t\t\t\t\t\t\t\t\t\t<img alt='' src='https:\/\/secure.gravatar.com\/avatar\/fd8d84c51d741f76d292ecb05187ebbcdd2d28fbc819f56d121c1dd645333715?s=100&#038;d=mm&#038;r=g' srcset='https:\/\/secure.gravatar.com\/avatar\/fd8d84c51d741f76d292ecb05187ebbcdd2d28fbc819f56d121c1dd645333715?s=200&#038;d=mm&#038;r=g 2x' class='avatar avatar-100 photo' height='100' width='100' \/>\t\t\t\t\t\n<p><strong>L\u00edder del equipo de WordCamp Madrid 2019<\/strong><\/p>\n\n\n\n<p>Trabajando en proyectos web desde 2009. Ingeniero inform\u00e1tico por la Universidad de Alicante, programando en tecnolog\u00eda LAMP y algunas m\u00e1s actuales desde 2009.<\/p>\n\n\n\n<p>He trabajado para grandes y peque\u00f1as cuentas, en proyectos de cualquier \u00edndole. Varios de los proyectos en los que he trabajado ha sido sobre WordPress, quiz\u00e1 la 2.5 fue la primera versi\u00f3n que utilic\u00e9.<\/p>\n\n\n\n<p>Tras pasar por una agencia y despu\u00e9s una startup, actualmente trabajo como PHP Developer &amp; WordPress Professional en UNIR.<\/p>\n\n\n\n<p>Parte del equipo de organizadores de la WordCamp Madrid 2018, y asistente ocasional de WordCamps. En ocasiones me dejan hablar en WordCamps.<\/p>\n\n\n\n<p><\/p>\n\t\t\t\t<\/div>\n\t\t\t<\/div>\n\n\t\t\n\t<\/div><!-- .wcorg-organizers -->\n\t\n","protected":false},"excerpt":{"rendered":"","protected":false},"author":1320655,"featured_media":0,"parent":0,"menu_order":0,"comment_status":"closed","ping_status":"closed","template":"","meta":{"jetpack_post_was_ever_published":false,"footnotes":""},"class_list":["post-12","page","type-page","status-publish","hentry"],"jetpack_sharing_enabled":true,"_links":{"self":[{"href":"https:\/\/madrid.wordcamp.org\/2019\/wp-json\/wp\/v2\/pages\/12","targetHints":{"allow":["GET"]}}],"collection":[{"href":"https:\/\/madrid.wordcamp.org\/2019\/wp-json\/wp\/v2\/pages"}],"about":[{"href":"https:\/\/madrid.wordcamp.org\/2019\/wp-json\/wp\/v2\/types\/page"}],"author":[{"embeddable":true,"href":"https:\/\/madrid.wordcamp.org\/2019\/wp-json\/wp\/v2\/users\/1320655"}],"replies":[{"embeddable":true,"href":"https:\/\/madrid.wordcamp.org\/2019\/wp-json\/wp\/v2\/comments?post=12"}],"version-history":[{"count":2,"href":"https:\/\/madrid.wordcamp.org\/2019\/wp-json\/wp\/v2\/pages\/12\/revisions"}],"predecessor-version":[{"id":4171,"href":"https:\/\/madrid.wordcamp.org\/2019\/wp-json\/wp\/v2\/pages\/12\/revisions\/4171"}],"wp:attachment":[{"href":"https:\/\/madrid.wordcamp.org\/2019\/wp-json\/wp\/v2\/media?parent=12"}],"curies":[{"name":"wp","href":"https:\/\/api.w.org\/{rel}","templated":true}]}}